
4
Let u(t) = 16*t + 3. Let x be u(6). Let b be ((-16)/20)/((-6)/75). Suppose 17 + b = 3*f. What is the greatest common factor of x and f?
9
Suppose 3*i - m - 340 = 0, 2*m = 2*i + 5*m - 212. Calculate the greatest common factor of 16 and i.
16
Suppose -q = 3*b - 29, -53 = 2*b - 7*b + 3*q. Let c = 14 + b. Calculate the greatest common factor of c and 6.
6
Suppose 4*d - 156 = -3*q, -2*d + 0*d = 6. Calculate the highest common divisor of q and 7.
7
Let x = -11 - -15. Suppose 0 = -t + x*g - 41, 4*t - 5*g = -0*g - 120. Let m = -11 - t. Calculate the highest common divisor of m and 126.
14
Suppose 0 = -z - b + 76, -324 = -5*z + z + b. Suppose i = z + 68. Suppose 0 = u - t - 32, i = 3*u + 2*u + t. What is the highest common factor of 12 and u?
6
Suppose -28*c = -26*c - 60. What is the highest common factor of 15 and c?
15
Suppose 0 = 3*b - 5*j + 9, -b + 2*b + 1 = j. Let o be b/(-3)*5*-21. What is the highest common divisor of o and 10?
10
Let g = 96 - 55. Let w = -24 + g. What is the highest common divisor of 51 and w?
17
Let y = 698 - 493. Suppose -y - 299 = -4*o. Let i = 42 + -28. What is the greatest common factor of o and i?
14
Let l(x) = x**3 - 11*x**2 + 21*x + 7. Let m be l(10). What is the highest common divisor of 39 and m?
39
Suppose 4*p + 8*l = 4*l + 1320, 0 = 5*p - 2*l - 1650. Calculate the greatest common factor of p and 30.
30
Let r(g) = g**3 - 13*g**2 + 5*g + 15. Let b be r(13). Let n be 4/14 + (-220)/(-14). What is the highest common divisor of n and b?
16
Let n(s) = 2*s**2 - 8. Let h be n(-6). What is the greatest common divisor of h and 8?
8
Let v(z) = z + 4. Let n = 20 + -14. Let p be v(n). What is the highest common divisor of 40 and p?
10
Let y(z) = -z**3 - z**2 + z + 4. Let m be y(0). Calculate the greatest common divisor of 4 and m.
4
Let d = -99 + 117. What is the highest common factor of 27 and d?
9
Suppose 6*i = i + 125. Calculate the highest common divisor of 25 and i.
25
Suppose 0 = -l - 5*j + 33, 105 = 5*l - 0*l + 5*j. Suppose 0 = c - o - l, c - 4*o - 20 - 13 = 0. Calculate the greatest common divisor of 143 and c.
13
Let l(r) = -8*r + 14. Let s be (-106)/10 + 2/(-5). Let h be l(s). Calculate the highest common factor of 17 and h.
17
Let d = -184 + 200. Calculate the highest common factor of 32 and d.
16
Suppose 4*o + 16 = 0, m + 2*o + 3*o + 18 = 0. Let n(j) = 34*j + 2. Let d be n(m). Let w be (6/(-15))/((-2)/70). What is the greatest common factor of w and d?
14
Let g = -55 - -59. Calculate the greatest common divisor of g and 32.
4
Let v = -25 - -35. Calculate the greatest common factor of 5 and v.
5
Let b(y) = -y**2 + 24*y + 37. Let m be b(19). What is the highest common divisor of m and 12?
12
Let p be ((-44)/8)/(3/(-6)). Let h be 0 - (0 + 0) - -55. What is the highest common divisor of h and p?
11
Let r = -8 + 17. Suppose -r = -3*d + 15. What is the highest common divisor of 2 and d?
2
Suppose 5*h + 3*l - 7 - 1 = 0, 0 = -5*h + 2*l + 28. What is the highest common factor of 2 and h?
2
Let s(u) = -u + 3. Let o be s(3). Suppose o*b - 42 = -3*b + 2*c, 0 = -5*c + 15. What is the highest common divisor of 112 and b?
16
Let j be (-944)/(-112) + 3/(-7). Calculate the greatest common divisor of j and 12.
4
Let b(n) = n - 4. Let z be b(7). Suppose 5 = u - z. Suppose -l = 3*l - 256. Calculate the greatest common factor of u and l.
8
Let g(d) = d**2 + 2*d - 1. Let h(n) = -n**2 - 12*n + 14. Let y be h(-13). Let u be g(y). Calculate the highest common factor of u and 2.
2
Let a be (-12)/(-9) - 4/(-6). Suppose 3*l = 4*k - a*l - 9, -3*l + 9 = 0. What is the greatest common factor of k and 2?
2
Suppose -2*y + 0*i + 141 = i, 132 = 2*y - 2*i. Calculate the highest common divisor of 3 and y.
3
Suppose -2*z + 12 = 4. Let a be 4/(-16) + (-3)/z. Let l(w) = -32*w + 1. Let n be l(a). What is the highest common factor of 22 and n?
11
Let l be (552/9)/((-2)/(-6)). Calculate the greatest common factor of 23 and l.
23
Let h be (-12)/18 + 8/3. Suppose -202 = -3*i + 4*o, 4*i - 5*o + h*o = 274. What is the highest common factor of i and 14?
14
Let b be 99/6 - 2/(-4). Calculate the greatest common divisor of b and 51.
17
Suppose 0 = 3*b - 3*i - 9, b - 6*b = -i - 23. Suppose 0 = -3*p - 0*w - 2*w + 44, b*w - 70 = -5*p. Calculate the highest common divisor of 4 and p.
4
Let u(c) = c**2 - 3*c + 20. Let p be u(5). What is the greatest common divisor of 75 and p?
15
Let o = 23 + -19. Suppose -5*i + 72 = -o*i. Calculate the highest common divisor of i and 8.
8
Let k(t) = t**3 + 14*t**2 + 13*t - 6. Let g(b) = 1. Let f(l) = -g(l) - k(l). Let q be f(-13). What is the highest common factor of 5 and q?
5
Let h = -6 - -13. Calculate the greatest common divisor of h and 42.
7
Let z = 7 - 6. Let i be -36*(-3)/6*z. What is the greatest common divisor of i and 36?
18
Let l = 69 - 43. Suppose -l = -5*m - 6. Suppose 3*s + 194 = 3*z + m*s, -s + 258 = 4*z. Calculate the highest common divisor of z and 8.
8
Let o = 22 - -4. Suppose -3*a = -168 + 36. Let d = a - 31. What is the highest common factor of o and d?
13
Let y be 4/(-6)*3*-1. Calculate the greatest common divisor of y and 8.
2
Suppose -3*g - 5*h + 4 + 132 = 0, -g - 4*h + 36 = 0. What is the greatest common divisor of g and 13?
13
Suppose 0 = m + 5*i - 132 + 27, 4*i + 525 = 5*m. Let k = -29 - -44. Calculate the highest common factor of m and k.
15
Let m = 140 + -66. What is the highest common factor of 111 and m?
37
Let s be 2 + -2 + 3 - -10. Calculate the greatest common factor of s and 39.
13
Let x = 20 + 43. Let t = -229 + 236. What is the highest common factor of x and t?
7
Suppose 38 = 5*p - 3*v, 5*p = -2*v + 90 - 32. Let l = 109 - -1. Calculate the highest common factor of p and l.
10
Suppose -3*u + 8 = -19. Suppose 4*v - 5 = -3*q, -2*v + 18 = 5*q - u. What is the highest common factor of 77 and q?
7
Suppose -n + 4 = -0*n. Let d = 19 + -13. What is the highest common divisor of d and n?
2
Let c = 3 + 1. Let j be (1 + 3/9)*12. Let a = -12 + j. What is the highest common factor of c and a?
4
Let k = 3 - -1. Let h(n) = 4*n**2 - 2*n**2 - 6 + 0*n**2. Let v be h(-5). Calculate the highest common divisor of k and v.
4
Suppose 3*t = 2*b - 7, 5*t = -0*t + b. What is the highest common factor of 4 and t?
1
Let r(y) = 2*y**3 - 3*y**2 + 2*y + 1. Let h be r(2). Suppose -2*v + 45 = w - 0*v, 3*v = 5*w - 225. What is the highest common divisor of w and h?
9
Let x(n) = n**2 - 4*n - 7. Let b(c) = 2*c**2 - 3*c - 3. Let d be b(3). Let h be x(d). Let q = 8 - h. Calculate the greatest common factor of q and 2.
1
Suppose 2*s + 6*m + 8 = m, 0 = 3*s - m + 12. Let h be s/(-26) + (-1269)/(-117). What is the highest common factor of 1 and h?
1
Suppose 0 = -5*y + 4*y + 324. Suppose 4*x + 0*x - y = 0. Suppose 5*r - 6 = f, -3*r - 27 = -5*f + 9. What is the greatest common divisor of f and x?
9
Suppose 3*t + 29 - 74 = y, 2*y = 0. Let k be (2*-1 - -1) + 3. Let d be k/10 + 192/t. Calculate the greatest common divisor of 130 and d.
13
Let d = 176 + -120. Suppose 0 = -3*v - 6 + 27. Calculate the greatest common divisor of v and d.
7
Suppose -3*o + 129 = 3*z, 0*z - z = 2*o - 89. Let l = o + -8. Suppose -4*w = 4*x - 40, 0*w - 2*x = 5*w - l. Calculate the highest common divisor of 9 and w.
3
Let m = 1 - 0. Let k = 3 + m. Let z be 22/k + 1/2. Calculate the greatest common factor of z and 48.
6
Let t be 2/2 - (-5 + -2). Calculate the highest common factor of 12 and t.
4
Let n be (-72)/(-9)*2/8. Suppose 19 + n = k + x, 5*k - 97 = -x. Calculate the highest common divisor of k and 57.
19
Let g be -15 - -7 - -6 - (3 + -15). Let y = -5 + 10. What is the greatest common factor of y and g?
5
Suppose -60 = -4*n + 60. Suppose 0 = -3*s - 5*b + 245, -4*s + 4*b = -7*s + 241. What is the highest common divisor of s and n?
15
Let g = -78 + 120. Calculate the highest common divisor of g and 63.
21
Let q be (4 - 7) + 7 - -4. Calculate the greatest common factor of q and 6.
2
Suppose -736 = -3*c - c. What is the greatest common factor of 23 and c?
23
Let d(v) = -v**2 + 9*v - 8. Let f be d(8). Suppose f = 4*o - 5*o + 34. Calculate the highest common factor of 17 and o.
17
Suppose 56 = -0*y + 2*y. Let l(b) = -b**2 + 6*b - 1. Let s be l(4). What is the highest common divisor of s and y?
7
Let b be (-4)/30 - (-3164)/105. What is the highest common divisor of b and